{"id":332,"date":"2021-01-20T13:20:33","date_gmt":"2021-01-20T12:20:33","guid":{"rendered":"https:\/\/serwer1504040.home.pl\/Speed4fit\/?page_id=332"},"modified":"2024-03-24T22:45:12","modified_gmt":"2024-03-24T21:45:12","slug":"ems-vs-silownia","status":"publish","type":"page","link":"https:\/\/speed4fit.pl\/index.php\/o-ems-2\/ems-vs-silownia\/","title":{"rendered":"EMS vs. si\u0142ownia"},"content":{"rendered":"\n<figure class=\"wp-block-table is-style-stripes\"><table><tbody><tr><td>&nbsp;<\/td><td><strong>TRENING EMS<\/strong><\/td><td><strong>KLASYCZNY TRENING SI\u0141OWY<\/strong><\/td><\/tr><tr><td><strong>CZAS TRENINGU<\/strong><\/td><td>Tylko 30 minut<\/td><td>Oko\u0142o 120 minut<\/td><\/tr><tr><td><strong>CZ\u0118STOTLIWO\u015a\u0106 TRENING\u00d3W<\/strong><\/td><td>1-2 razy w tygodniu<\/td><td>3-5 razy w tygodniu<\/td><\/tr><tr><td><strong>WIDOCZNE REZULTATY<\/strong><\/td><td>Po 4-8 treningach<\/td><td>Po 15-20 treningach<\/td><\/tr><tr><td><strong>ILO\u015a\u0106 SPALONYCH KALORII<\/strong><\/td><td>Oko\u0142o 600 kcal podczas jednego treningu<\/td><td>Do 400 kcal podczas jednego treningu<\/td><\/tr><tr><td><strong>UTRATA WAGI I TKANKI T\u0141USZCZOWEJ<\/strong><\/td><td>Do 3 razy szybciej<\/td><td>Standardowo<\/td><\/tr><tr><td><strong>REDUKCJA CELLULITU<\/strong><\/td><td>Tak<\/td><td>Nie<\/td><\/tr><tr><td><strong>TRENING SZKIELETU MI\u0118\u015aNIOWEGO<\/strong><\/td><td>Zawsze<\/td><td>Tylko podczas niekt\u00f3rych \u0107wicze\u0144<\/td><\/tr><tr><td><strong>PRZYROST MI\u0118\u015aNI G\u0141\u0118BOKICH<\/strong><\/td><td>Do 5 razy szybciej<\/td><td>Standardowo<\/td><\/tr><tr><td><strong>RYZYKO KONTUZJI<\/strong><\/td><td>Brak<\/td><td>Wysokie<\/td><\/tr><tr><td><strong>OBCI\u0104\u017bENIE STAW\u00d3W<\/strong><\/td><td>Znikome<\/td><td>Wysokie<\/td><\/tr><tr><td><strong>PRZYSPIESZENIE METABOLIZMU<\/strong><\/td><td>Tak<\/td><td>Nie<\/td><\/tr><tr><td><strong>KOSZT MIESI\u0118CZNEGO TRENINGU<\/strong> <strong>Z TRENEREM<\/strong><\/td><td>Od 599 z\u0142<\/td><td>Od 1000 z\u0142<\/td><\/tr><\/tbody><\/table><\/figure>\n\n\n\n<hr class=\"wp-block-separator has-alpha-channel-opacity is-style-wide\"\/>\n\n\n\n<div style=\"height:55px\" aria-hidden=\"true\" class=\"wp-block-spacer\"><\/div>\n\n\n\n<div class=\"wp-block-buttons has-custom-font-size is-style-primary has-small-font-size wp-elements-a0cbdf7aa46f5bb09f6063fe4d23b4c6 is-content-justification-center is-layout-flex wp-container-core-buttons-is-layout-16018d1d wp-block-buttons-is-layout-flex\" style=\"border-radius:0px;font-style:normal;font-weight:500;text-decoration:none;text-transform:none\">\n<div class=\"wp-block-button is-style-primary\"><a class=\"wp-block-button__link has-neve-link-hover-color-color has-nv-dark-bg-background-color has-text-color has-background has-link-color wp-element-button\" href=\"https:\/\/speed4fit.pl\/index.php\/kontakt\/\"><mark style=\"background-color:rgba(0, 0, 0, 0)\" class=\"has-inline-color has-neve-link-hover-color-color\">UM\u00d3W SI\u0118 NA trening<\/mark><\/a><\/div>\n<\/div>\n\n\n\n<div style=\"height:100px\" aria-hidden=\"true\" class=\"wp-block-spacer\"><\/div>\n\n\n\n<hr class=\"wp-block-separator has-alpha-channel-opacity is-style-wide\"\/>\n","protected":false},"excerpt":{"rendered":"<p>&nbsp; TRENING EMS KLASYCZNY TRENING SI\u0141OWY CZAS TRENINGU Tylko 30 minut Oko\u0142o 120 minut CZ\u0118STOTLIWO\u015a\u0106 TRENING\u00d3W 1-2 razy w tygodniu 3-5 razy w tygodniu WIDOCZNE REZULTATY Po 4-8 treningach Po 15-20 treningach ILO\u015a\u0106 SPALONYCH KALORII Oko\u0142o 600 kcal podczas jednego treningu Do 400 kcal podczas jednego treningu UTRATA WAGI I TKANKI T\u0141USZCZOWEJ Do 3 razy&hellip;&nbsp;<a href=\"https:\/\/speed4fit.pl\/index.php\/o-ems-2\/ems-vs-silownia\/\" rel=\"bookmark\">Dowiedz si\u0119 wi\u0119cej &raquo;<span class=\"screen-reader-text\">EMS vs. si\u0142ownia<\/span><\/a><\/p>\n","protected":false},"author":1,"featured_media":0,"parent":76,"menu_order":2,"comment_status":"closed","ping_status":"closed","template":"","meta":{"neve_meta_sidebar":"","neve_meta_container":"","neve_meta_enable_content_width":"","neve_meta_content_width":0,"neve_meta_title_alignment":"","neve_meta_author_avatar":"","neve_post_elements_order":"","neve_meta_disable_header":"","neve_meta_disable_footer":"","neve_meta_disable_title":"","footnotes":""},"class_list":["post-332","page","type-page","status-publish","hentry"],"_links":{"self":[{"href":"https:\/\/speed4fit.pl\/index.php\/wp-json\/wp\/v2\/pages\/332","targetHints":{"allow":["GET"]}}],"collection":[{"href":"https:\/\/speed4fit.pl\/index.php\/wp-json\/wp\/v2\/pages"}],"about":[{"href":"https:\/\/speed4fit.pl\/index.php\/wp-json\/wp\/v2\/types\/page"}],"author":[{"embeddable":true,"href":"https:\/\/speed4fit.pl\/index.php\/wp-json\/wp\/v2\/users\/1"}],"replies":[{"embeddable":true,"href":"https:\/\/speed4fit.pl\/index.php\/wp-json\/wp\/v2\/comments?post=332"}],"version-history":[{"count":10,"href":"https:\/\/speed4fit.pl\/index.php\/wp-json\/wp\/v2\/pages\/332\/revisions"}],"predecessor-version":[{"id":3100,"href":"https:\/\/speed4fit.pl\/index.php\/wp-json\/wp\/v2\/pages\/332\/revisions\/3100"}],"up":[{"embeddable":true,"href":"https:\/\/speed4fit.pl\/index.php\/wp-json\/wp\/v2\/pages\/76"}],"wp:attachment":[{"href":"https:\/\/speed4fit.pl\/index.php\/wp-json\/wp\/v2\/media?parent=332"}],"curies":[{"name":"wp","href":"https:\/\/api.w.org\/{rel}","templated":true}]}}